{"id":2889,"date":"2026-04-01T15:31:49","date_gmt":"2026-04-01T15:31:49","guid":{"rendered":"https:\/\/skg-ober-beerbach.de\/?page_id=2889"},"modified":"2026-04-01T16:06:13","modified_gmt":"2026-04-01T16:06:13","slug":"fussball-camp-2026","status":"publish","type":"page","link":"https:\/\/skg-ober-beerbach.de\/?page_id=2889","title":{"rendered":"Fussball-Camp 2026"},"content":{"rendered":"\t\t<div data-elementor-type=\"wp-page\" data-elementor-id=\"2889\" class=\"elementor elementor-2889\">\n\t\t\t\t<div class=\"elementor-element elementor-element-98366f1 e-con-full e-flex e-con e-parent\" data-id=\"98366f1\" data-element_type=\"container\" data-e-type=\"container\" data-settings=\"{&quot;shape_divider_top&quot;:&quot;mountains&quot;,&quot;shape_divider_bottom&quot;:&quot;mountains&quot;,&quot;background_background&quot;:&quot;gradient&quot;}\">\n\t\t\t\t<div class=\"elementor-shape elementor-shape-top\" aria-hidden=\"true\" data-negative=\"false\">\n\t\t\t<svg xmlns=\"http:\/\/www.w3.org\/2000\/svg\" viewBox=\"0 0 1000 100\" preserveAspectRatio=\"none\">\n\t<path class=\"elementor-shape-fill\" opacity=\"0.33\" d=\"M473,67.3c-203.9,88.3-263.1-34-320.3,0C66,119.1,0,59.7,0,59.7V0h1000v59.7 c0,0-62.1,26.1-94.9,29.3c-32.8,3.3-62.8-12.3-75.8-22.1C806,49.6,745.3,8.7,694.9,4.7S492.4,59,473,67.3z\"\/>\n\t<path class=\"elementor-shape-fill\" opacity=\"0.66\" d=\"M734,67.3c-45.5,0-77.2-23.2-129.1-39.1c-28.6-8.7-150.3-10.1-254,39.1 s-91.7-34.4-149.2,0C115.7,118.3,0,39.8,0,39.8V0h1000v36.5c0,0-28.2-18.5-92.1-18.5C810.2,18.1,775.7,67.3,734,67.3z\"\/>\n\t<path class=\"elementor-shape-fill\" d=\"M766.1,28.9c-200-57.5-266,65.5-395.1,19.5C242,1.8,242,5.4,184.8,20.6C128,35.8,132.3,44.9,89.9,52.5C28.6,63.7,0,0,0,0 h1000c0,0-9.9,40.9-83.6,48.1S829.6,47,766.1,28.9z\"\/>\n<\/svg>\t\t<\/div>\n\t\t\t\t<div class=\"elementor-shape elementor-shape-bottom\" aria-hidden=\"true\" data-negative=\"false\">\n\t\t\t<svg xmlns=\"http:\/\/www.w3.org\/2000\/svg\" viewBox=\"0 0 1000 100\" preserveAspectRatio=\"none\">\n\t<path class=\"elementor-shape-fill\" opacity=\"0.33\" d=\"M473,67.3c-203.9,88.3-263.1-34-320.3,0C66,119.1,0,59.7,0,59.7V0h1000v59.7 c0,0-62.1,26.1-94.9,29.3c-32.8,3.3-62.8-12.3-75.8-22.1C806,49.6,745.3,8.7,694.9,4.7S492.4,59,473,67.3z\"\/>\n\t<path class=\"elementor-shape-fill\" opacity=\"0.66\" d=\"M734,67.3c-45.5,0-77.2-23.2-129.1-39.1c-28.6-8.7-150.3-10.1-254,39.1 s-91.7-34.4-149.2,0C115.7,118.3,0,39.8,0,39.8V0h1000v36.5c0,0-28.2-18.5-92.1-18.5C810.2,18.1,775.7,67.3,734,67.3z\"\/>\n\t<path class=\"elementor-shape-fill\" d=\"M766.1,28.9c-200-57.5-266,65.5-395.1,19.5C242,1.8,242,5.4,184.8,20.6C128,35.8,132.3,44.9,89.9,52.5C28.6,63.7,0,0,0,0 h1000c0,0-9.9,40.9-83.6,48.1S829.6,47,766.1,28.9z\"\/>\n<\/svg>\t\t<\/div>\n\t\t<div class=\"elementor-element elementor-element-75d35aa e-flex e-con-boxed e-con e-child\" data-id=\"75d35aa\" data-element_type=\"container\" data-e-type=\"container\">\n\t\t\t\t\t<div class=\"e-con-inner\">\n\t\t\t\t<div class=\"elementor-element elementor-element-96c1326 elementor-widget elementor-widget-heading\" data-id=\"96c1326\" data-element_type=\"widget\" data-e-type=\"widget\" data-widget_type=\"heading.default\">\n\t\t\t\t<div class=\"elementor-widget-container\">\n\t\t\t\t\t<h2 class=\"elementor-heading-title elementor-size-default\">Jugend-Fu\u00dfball-Camp (03. - 07. August 2026)<\/h2>\t\t\t\t<\/div>\n\t\t\t\t<\/div>\n\t\t<div class=\"elementor-element elementor-element-fe8a0fb e-con-full e-flex e-con e-child\" data-id=\"fe8a0fb\" data-element_type=\"container\" data-e-type=\"container\">\n\t\t\t\t<div class=\"elementor-element elementor-element-c001214 elementor-widget elementor-widget-text-editor\" data-id=\"c001214\" data-element_type=\"widget\" data-e-type=\"widget\" data-widget_type=\"text-editor.default\">\n\t\t\t\t<div class=\"elementor-widget-container\">\n\t\t\t\t\t\t\t\t\t<p>Junge Fussballbegeisterte erwartet eine abwechlungsreiche Woche mit professionellem Training durch zertifizierte Trainer.\u00a0<\/p><p>Technik- und Taktik-Einheiten als auch spannende Turniere stehen im Fokus.<\/p><p>Jeder Telnehmer (Spieler:in) wird individuell gef\u00f6dert, egal ob Anf\u00e4nger:in oder Fortgeschrittene:r.\u00a0\u00a0<\/p>\t\t\t\t\t\t\t\t<\/div>\n\t\t\t\t<\/div>\n\t\t\t\t<\/div>\n\t\t<div class=\"elementor-element elementor-element-a98ac43 e-flex e-con-boxed e-con e-child\" data-id=\"a98ac43\" data-element_type=\"container\" data-e-type=\"container\">\n\t\t\t\t\t<div class=\"e-con-inner\">\n\t\t\t\t<div class=\"elementor-element elementor-element-e790b9f elementor-widget__width-initial elementor-widget-mobile__width-initial elementor-widget elementor-widget-image\" data-id=\"e790b9f\" data-element_type=\"widget\" data-e-type=\"widget\" data-widget_type=\"image.default\">\n\t\t\t\t<div class=\"elementor-widget-container\">\n\t\t\t\t\t\t\t\t\t\t\t\t\t\t\t\t<a href=\"https:\/\/skg-ober-beerbach.de\/wp-content\/uploads\/2026\/04\/Bildschirmfoto-2026-04-01-um-17.52.37.png\" data-elementor-open-lightbox=\"yes\" data-elementor-lightbox-title=\"Jugendfussball-Camp 2026\" data-e-action-hash=\"#elementor-action%3Aaction%3Dlightbox%26settings%3DeyJpZCI6Mjg5OCwidXJsIjoiaHR0cHM6XC9cL3NrZy1vYmVyLWJlZXJiYWNoLmRlXC93cC1jb250ZW50XC91cGxvYWRzXC8yMDI2XC8wNFwvQmlsZHNjaGlybWZvdG8tMjAyNi0wNC0wMS11bS0xNy41Mi4zNy5wbmcifQ%3D%3D\">\n\t\t\t\t\t\t\t<img fetchpriority=\"high\" decoding=\"async\" width=\"509\" height=\"295\" src=\"https:\/\/skg-ober-beerbach.de\/wp-content\/uploads\/2026\/04\/Bildschirmfoto-2026-04-01-um-17.52.37.png\" class=\"attachment-large size-large wp-image-2898\" alt=\"Jugendfussball-Camp 2026\" srcset=\"https:\/\/skg-ober-beerbach.de\/wp-content\/uploads\/2026\/04\/Bildschirmfoto-2026-04-01-um-17.52.37.png 509w, https:\/\/skg-ober-beerbach.de\/wp-content\/uploads\/2026\/04\/Bildschirmfoto-2026-04-01-um-17.52.37-300x174.png 300w\" sizes=\"(max-width: 509px) 100vw, 509px\" \/>\t\t\t\t\t\t\t\t<\/a>\n\t\t\t\t\t\t\t\t\t\t\t\t\t\t\t<\/div>\n\t\t\t\t<\/div>\n\t\t\t\t<div class=\"elementor-element elementor-element-9d52e4b elementor-widget__width-initial elementor-widget elementor-widget-text-editor\" data-id=\"9d52e4b\" data-element_type=\"widget\" data-e-type=\"widget\" data-widget_type=\"text-editor.default\">\n\t\t\t\t<div class=\"elementor-widget-container\">\n\t\t\t\t\t\t\t\t\t<p class=\"p1\">F\u00fcr jeden Teilnehmer gibt es ein Trikotset, eine Trinkflasche, Mittagessen, Getr\u00e4nke und Obst, so dass f\u00fcr eine rundum gelungene Fu\u00dfballwoche gesorgt ist.<\/p><p>Neben dem Training stehen Teamgeit, Spa\u00df und Bewegung im Vordergrund.<\/p><p><strong>Das Camp kostet \u20ac179 f\u00fcr Mitglieder und \u20ac199 f\u00fcr Nicht-Mitglieder.<\/strong><\/p>\t\t\t\t\t\t\t\t<\/div>\n\t\t\t\t<\/div>\n\t\t\t\t\t<\/div>\n\t\t\t\t<\/div>\n\t\t<div class=\"elementor-element elementor-element-5ec3b01 e-con-full e-flex e-con e-child\" data-id=\"5ec3b01\" data-element_type=\"container\" data-e-type=\"container\">\n\t\t\t\t<div class=\"elementor-element elementor-element-69a8f23 elementor-widget elementor-widget-text-editor\" data-id=\"69a8f23\" data-element_type=\"widget\" data-e-type=\"widget\" data-widget_type=\"text-editor.default\">\n\t\t\t\t<div class=\"elementor-widget-container\">\n\t\t\t\t\t\t\t\t\t<p>Melde dich jetzt an und sichere dir deinen Platz im Jugendfu\u00dfball-Camp 2026 in Ober-Beerbach.<\/p><p>Hier findest du das <a href=\"https:\/\/skg-ober-beerbach.de\/wp-content\/uploads\/2026\/04\/Anmeldeformular_Fussballcamp_03.08-07.08.2026_SKG-Ober-Beerbach.pdf\" target=\"_blank\" rel=\"noopener\">Anmeldeformular<\/a>.<\/p>\t\t\t\t\t\t\t\t<\/div>\n\t\t\t\t<\/div>\n\t\t\t\t<div class=\"elementor-element elementor-element-3075dd6 elementor-widget elementor-widget-text-editor\" data-id=\"3075dd6\" data-element_type=\"widget\" data-e-type=\"widget\" data-widget_type=\"text-editor.default\">\n\t\t\t\t<div class=\"elementor-widget-container\">\n\t\t\t\t\t\t\t\t\t<p>Es erwartet dich eine Woche voller Action, Leidenschaft und neuer Freundschaften.<\/p>\t\t\t\t\t\t\t\t<\/div>\n\t\t\t\t<\/div>\n\t\t\t\t<\/div>\n\t\t\t\t\t<\/div>\n\t\t\t\t<\/div>\n\t\t\t\t<\/div>\n\t\t\t\t<\/div>\n\t\t","protected":false},"excerpt":{"rendered":"<p>Jugend-Fu\u00dfball-Camp (03. &#8211; 07. August 2026) Junge Fussballbegeisterte erwartet eine abwechlungsreiche Woche mit professionellem Training durch zertifizierte Trainer.\u00a0 Technik- und Taktik-Einheiten als auch spannende Turniere stehen im Fokus. Jeder Telnehmer (Spieler:in) wird individuell gef\u00f6dert, egal ob Anf\u00e4nger:in oder Fortgeschrittene:r.\u00a0\u00a0 F\u00fcr jeden Teilnehmer gibt es ein Trikotset, eine Trinkflasche, Mittagessen, Getr\u00e4nke und Obst, so dass f\u00fcr [&hellip;]<\/p>\n","protected":false},"author":2,"featured_media":0,"parent":0,"menu_order":0,"comment_status":"closed","ping_status":"closed","template":"","meta":{"footnotes":""},"class_list":["post-2889","page","type-page","status-publish","hentry"],"_links":{"self":[{"href":"https:\/\/skg-ober-beerbach.de\/index.php?rest_route=\/wp\/v2\/pages\/2889","targetHints":{"allow":["GET"]}}],"collection":[{"href":"https:\/\/skg-ober-beerbach.de\/index.php?rest_route=\/wp\/v2\/pages"}],"about":[{"href":"https:\/\/skg-ober-beerbach.de\/index.php?rest_route=\/wp\/v2\/types\/page"}],"author":[{"embeddable":true,"href":"https:\/\/skg-ober-beerbach.de\/index.php?rest_route=\/wp\/v2\/users\/2"}],"replies":[{"embeddable":true,"href":"https:\/\/skg-ober-beerbach.de\/index.php?rest_route=%2Fwp%2Fv2%2Fcomments&post=2889"}],"version-history":[{"count":19,"href":"https:\/\/skg-ober-beerbach.de\/index.php?rest_route=\/wp\/v2\/pages\/2889\/revisions"}],"predecessor-version":[{"id":2911,"href":"https:\/\/skg-ober-beerbach.de\/index.php?rest_route=\/wp\/v2\/pages\/2889\/revisions\/2911"}],"wp:attachment":[{"href":"https:\/\/skg-ober-beerbach.de\/index.php?rest_route=%2Fwp%2Fv2%2Fmedia&parent=2889"}],"curies":[{"name":"wp","href":"https:\/\/api.w.org\/{rel}","templated":true}]}}